{"id":46,"date":"2012-05-19T11:24:21","date_gmt":"2012-05-19T11:24:21","guid":{"rendered":"http:\/\/www.hvtd.org\/?page_id=46"},"modified":"2012-05-19T12:21:12","modified_gmt":"2012-05-19T12:21:12","slug":"turk-askeri-havacilik-tibbinda-iz-birakanlar","status":"publish","type":"page","link":"https:\/\/www.hvtd.org\/?page_id=46","title":{"rendered":"T\u00fcrk Askeri Havac\u0131l\u0131k T\u0131bb\u0131nda \u0130z B\u0131rakanlar"},"content":{"rendered":"<p><center><br \/>\n<strong><span style=\"color: blue;\">Tbp.Alb. Yusuf Ziya Balkan<\/span><\/strong><\/center><center><a href=\"http:\/\/www.hvtd.org\/wp-content\/uploads\/2012\/05\/yzbalkan.jpg\"><img decoding=\"async\" class=\"wp-image-47 alignleft\" title=\"yzbalkan\" src=\"http:\/\/www.hvtd.org\/wp-content\/uploads\/2012\/05\/yzbalkan.jpg\" alt=\"\" width=\"79\" height=\"100\" \/><\/a><\/center><\/p>\n<p style=\"text-align: justify;\">1899 y\u0131l\u0131nda K\u00f6pr\u00fcl\u00fc&#8217;de do\u011fdu, 1920 y\u0131l\u0131nda Askeri T\u0131bbiye Mektebinden mezun olduktan sonra iki y\u0131l \u0130stiklal Sava\u015f\u0131nda g\u00f6rev yapt\u0131. 1929-1931 y\u0131llar\u0131nda Fransa&#8217;da (Val de Grace ve Bourget&#8217;de) ve \u0130talya&#8217;da (Mussolini, Florance ve Torino Hava Enstit\u00fcs\u00fcnde) havac\u0131l\u0131k fizyolojisi \u00fczerine incelemeler yapt\u0131. \u0130lk T\u00fcrk u\u00e7u\u015f doktoru ve &#8220;havac\u0131l\u0131k m\u00fctehass\u0131s\u0131&#8221; olarak Eski\u015fehir I. Tayyare Alay\u0131nda, I. Hava T\u00fcmeni Hastanesinde, Kayseri, Ni\u011fde, Eceabat ve Bursa Askeri Hastanelerinde KBB uzman\u0131 olarak g\u00f6rev yapt\u0131ktan sonra 1950 y\u0131l\u0131nda albay r\u00fctbesiyle emekli oldu. \u0130stiklal madalyas\u0131 sahibi olan Y.Balkan, 12.8.1970 tarihinde de vefat etti. 1995 y\u0131l\u0131nda Fizyolojik E\u011fitim Merkezi&#8217;ndeki bir dershaneye ismi verildi.<\/p>\n<hr \/>\n<p><center><br \/>\n<strong><span style=\"color: blue;\">Hv.Tbp.Alb. \u0130zzet F. Oykam<\/span><\/strong><\/center><center><a href=\"http:\/\/www.hvtd.org\/wp-content\/uploads\/2012\/05\/ifoykam.jpg\"><img decoding=\"async\" class=\"size-full wp-image-48 alignleft\" title=\"ifoykam\" src=\"http:\/\/www.hvtd.org\/wp-content\/uploads\/2012\/05\/ifoykam.jpg\" alt=\"\" width=\"70\" height=\"100\" \/><\/a><\/center><\/p>\n<p style=\"text-align: justify;\">1910 y\u0131l\u0131nda \u0130stanbul&#8217;da do\u011fdu. 1927&#8217;de \u0130stanbul Erkek Lisesini, 1934&#8217;de T\u0131p fak\u00fcltesini bitirdi. 1940&#8217;da GATA&#8217;de Asabiye ihtisas\u0131n\u0131 tamamlad\u0131. \u00c7anakkale, Gelibolu ve Eski\u015fehir Askeri Hastanelerinde g\u00f6rev yapt\u0131ktan sonra 1946-1947 y\u0131llar\u0131nda ABD&#8217;de hava tababeti ve u\u00e7u\u015f fizyolojisi kursu g\u00f6rd\u00fc. 1958-1959 y\u0131llar\u0131 aras\u0131nda Eski\u015fehir Hava S\u0131hhi Muayene ve Fizyolojik E\u011fitim Merkezi Ba\u015fkanl\u0131\u011f\u0131 g\u00f6revinde bulundu. 1959&#8217;da Ba\u015ftabiplik, 1960&#8217;da Diyarbak\u0131r 2 nci Tak.Hv.K.K. Sa\u011f. \u015eb. M\u00fcd\u00fcrl\u00fc\u011f\u00fc g\u00f6revlerinde bulundu. 1960 senesinde emekli oldu. 1970&#8217;li y\u0131llarda anla\u015fmal\u0131 hekim olarak Eski\u015fehir Hava Hastanesinde bir s\u00fcre daha \u00e7al\u0131\u015ft\u0131. Dr. \u0130zzet F. Oykam asabiye m\u00fctehass\u0131s\u0131 olarak u\u00e7u\u015f psikolojisi konular\u0131 kadar, T\u00fcrk havac\u0131l\u0131k tarihine de \u00e7ok \u00f6nem vermi\u015f, makaleler ve kitaplar yazm\u0131\u015ft\u0131r. Kitaplar\u0131: Havac\u0131l\u0131k Hijyeni (1949), Havac\u0131l\u0131k Hekimli\u011finde N\u00f6ropsikiyatrinin Ana Hatlar\u0131 (1955),T\u00fcrk Havac\u0131l\u0131k Tarihi (1956). Hava Kuvvetleri camias\u0131nda \u00e7ok sevilen, hizmetleri \u00f6vg\u00fcyle an\u0131lan ve &#8220;\u0130zzet Baba&#8221; diye bilinen Dr. \u0130zzet F. Oykam ho\u015f seda b\u0131rakm\u0131\u015f bir havac\u0131 hekim olarak 1994 y\u0131l\u0131nda Ankara&#8217;da \u00f6lm\u00fc\u015ft\u00fcr.<\/p>\n<hr \/>\n<p><center><br \/>\n<strong><span style=\"color: blue;\">Hv.Tbp.Tu\u011fg. Hilmi Din\u00e7<\/span><\/strong><\/center><center><a href=\"http:\/\/www.hvtd.org\/wp-content\/uploads\/2012\/05\/hdinc.jpg\"><img decoding=\"async\" class=\"size-full wp-image-49 alignleft\" title=\"hdinc\" src=\"http:\/\/www.hvtd.org\/wp-content\/uploads\/2012\/05\/hdinc.jpg\" alt=\"\" width=\"75\" height=\"100\" \/><\/a><\/center><\/p>\n<p style=\"text-align: justify;\">1923 y\u0131l\u0131nda \u0130stanbul&#8217;da do\u011fdu, 1946&#8217;da tabip \u00e7\u0131kt\u0131, 1947-48 y\u0131llar\u0131nda ABD&#8217;de hava tababeti kursu g\u00f6rd\u00fckten sonra Eski\u015fehir&#8217;de Amerikal\u0131 uzmanlarla birlikte hava fizyolojisi laboratuar\u0131n\u0131n kurulu\u015funda bulundu. 1957-62 y\u0131llar\u0131nda GATA&#8217;da i\u00e7 hastal\u0131klar\u0131 ihtisas\u0131 yapt\u0131, 1963-64 y\u0131llar\u0131nda da ABD&#8217;de kardiyoloji ve gastroenteroloji kurslar\u0131 g\u00f6rd\u00fc. 1955 y\u0131l\u0131nda yazd\u0131\u011f\u0131 &#8220;Havac\u0131l\u0131k Tababetinde Fizyoloji&#8221; kitab\u0131 bug\u00fcn bile ge\u00e7erli temel bilgileri i\u00e7ermektedir.<\/p>\n<p style=\"text-align: justify;\">1971 y\u0131l\u0131nda tu\u011fgeneralli\u011fe terfi etti. Etimesgut ve Eski\u015fehir Hava Hastaneleri Ba\u015ftabipli\u011finden sonra Hava K. Sa\u011fl\u0131k Daire Ba\u015fkanl\u0131\u011f\u0131 da yaparak 1973&#8217;de emekli oldu, 22 Aral\u0131k 1983 tarihinde vefat etti.<\/p>\n<hr \/>\n<p><center><br \/>\n<strong><span style=\"color: blue;\">Hv.Tbp.Alb. Orhan G\u00fcven\u00e7<\/span><\/strong><\/center><center><a href=\"http:\/\/www.hvtd.org\/wp-content\/uploads\/2012\/05\/oguvenc.jpg\"><img loading=\"lazy\" decoding=\"async\" class=\"size-full wp-image-50 alignleft\" title=\"oguvenc\" src=\"http:\/\/www.hvtd.org\/wp-content\/uploads\/2012\/05\/oguvenc.jpg\" alt=\"\" width=\"75\" height=\"100\" \/><\/a><\/center><\/p>\n<p style=\"text-align: justify;\">1923 \u0130stanbul&#8217;da do\u011fdu, 1947&#8217;de tabip te\u011fmen, sonra biyokimya uzman\u0131 oldu, 1959 y\u0131l\u0131nda ABD&#8217;de u\u00e7u\u015f fizyolojisi kursu g\u00f6rd\u00fc. 1970-73 y\u0131llar\u0131nda 1 No&#8217;lu Hava S\u0131hhi Muayene ve Fizyolojik E\u011fitim Merkezi Ba\u015fkanl\u0131\u011f\u0131 d\u00f6neminde mekanik vertigo cihazlar\u0131 projelendirdi ve kullan\u0131ma soktu. 1973 y\u0131l\u0131nda emekli oldu ve 1988 y\u0131l\u0131nda vefat etti. Havac\u0131l\u0131k t\u0131bb\u0131na sevda ile ba\u011fl\u0131 bir insand\u0131; pilotlar\u0131n fizyolojik e\u011fitimlerine bizzat nezaret eden, b\u0131kmadan ve \u00e7o\u011fu zaman nefesi t\u00fckeninceye kadar anlatan, iz b\u0131rakm\u0131\u015f bir ki\u015fi idi.<\/p>\n<hr \/>\n<p><center><br \/>\n<strong><span style=\"color: blue;\">Hv.Plt.Bnb. Sacit K\u0131l\u0131ncer<\/span><\/strong><\/center><center><a href=\"http:\/\/www.hvtd.org\/wp-content\/uploads\/2012\/05\/sacitk.jpg\"><img loading=\"lazy\" decoding=\"async\" class=\"size-full wp-image-51 alignleft\" title=\"sacitk\" src=\"http:\/\/www.hvtd.org\/wp-content\/uploads\/2012\/05\/sacitk.jpg\" alt=\"\" width=\"75\" height=\"100\" \/><\/a><\/center><\/p>\n<p style=\"text-align: justify;\">1947 Kula do\u011fumludur. 1968 y\u0131l\u0131nda te\u011fmen, 1969 y\u0131l\u0131nda jet pilotu oldu. 1971 y\u0131l\u0131nda Band\u0131rma&#8217;da F-5 u\u00e7a\u011f\u0131 ile ge\u00e7irdi\u011fi kazada omurga travmas\u0131 nedeniyle u\u00e7u\u015ftan ayr\u0131ld\u0131. 1972 y\u0131l\u0131nda atand\u0131\u011f\u0131 Fizyolojik E\u011fitim Merkezinde ilk fizyolojik e\u011fitim subay\u0131 olarak \u00f6\u011fretmen ve e\u011fitmenlik yapt\u0131. 1978 ve 1983 y\u0131llar\u0131nda Texas-San Antonio&#8217;daki USAFSAM&#8217;de u\u00e7u\u015f fizyolojisi ve havac\u0131l\u0131k t\u0131bb\u0131 kurslar\u0131 g\u00f6rd\u00fc. Pek \u00e7ok u\u00e7ucuya u\u00e7u\u015f kazalar\u0131na neden olma potansiyelindeki fizyolojik unsurlar\u0131 \u00f6\u011fretti\u011fi gibi, bir\u00e7ok u\u00e7u\u015f doktoruna da konuyu sevdirmesiyle iz b\u0131rakt\u0131. ABD Hava K kaynaklar\u0131ndan terc\u00fcme etti\u011fi Fizyolojik E\u011fitim Ders Kitab\u0131, bug\u00fcn de u\u00e7u\u015f doktorlar\u0131n\u0131n ve pilotlar\u0131n temel bilgi kayna\u011f\u0131 olma \u00f6zelli\u011fini s\u00fcrd\u00fcrmektedir. 1986 y\u0131l\u0131nda emekli olduktan sonra Merkez&#8217;deki modern fizyolojik e\u011fitim cihazlar\u0131n\u0131n \u00fcreticisi Amerikan ETC firmas\u0131n\u0131n T\u00fcrkiye temsilcili\u011fini yapt\u0131.<\/p>\n<hr \/>\n<p><center><br \/>\n<strong><span style=\"color: blue;\">Do\u00e7.Hv.Tbp.Alb. Cebbar Dengiz<\/span><\/strong><\/center><center><a href=\"http:\/\/www.hvtd.org\/wp-content\/uploads\/2012\/05\/cebbard.jpg\"><img loading=\"lazy\" decoding=\"async\" class=\"size-full wp-image-52 alignleft\" title=\"cebbard\" src=\"http:\/\/www.hvtd.org\/wp-content\/uploads\/2012\/05\/cebbard.jpg\" alt=\"\" width=\"74\" height=\"100\" \/><\/a><\/center><\/p>\n<p style=\"text-align: justify;\">1929 Kerk\u00fck do\u011fumlu olup 1955 y\u0131l\u0131nda Ankara T\u0131p Fak\u00fcltesinden mezun oldu, 1961 y\u0131l\u0131nda ABD Air University&#8217;de hava hekimli\u011fi tekam\u00fcl kursu g\u00f6rd\u00fc. 1964 y\u0131l\u0131nda GATA&#8217;daki ihtisas\u0131n\u0131 tamamlad\u0131ktan sonra Etimesgut Hava Hastanesinde n\u00f6ro-psikiyatri uzman\u0131 olarak g\u00f6rev yapt\u0131. 1981 y\u0131l\u0131nda, yurtd\u0131\u015f\u0131 e\u011fitimleri ve yurti\u00e7i bilimsel \u00e7al\u0131\u015fmalar\u0131 dikkate al\u0131narak Sa\u011fl\u0131k Bakanl\u0131\u011f\u0131 taraf\u0131ndan &#8220;hava hekimli\u011fi uzman\u0131&#8221; diplomas\u0131 ald\u0131. Ayn\u0131 y\u0131l, GATA T\u0131p Fak\u00fcltesine ba\u011fl\u0131 olarak kurulan Hava Hekimli\u011fi B\u00f6l\u00fcm Ba\u015fkanl\u0131\u011f\u0131na getirildi, 1982 y\u0131l\u0131nda &#8220;Uzay ve Hava Tababeti Do\u00e7enti&#8221; \u00fcnvan\u0131 ald\u0131. 1983 a\u011fustosunda kadrosuzluktan emekli oldu; ancak Hava Kuvvetleri&#8217;nin ihtiyac\u0131 nedeniyle ayn\u0131 y\u0131l\u0131n kas\u0131m ay\u0131nda tekrar muvazzaf subayl\u0131\u011fa ge\u00e7irildi. 1986 y\u0131l\u0131nda Eski\u015fehir&#8217;deki Hava ve Uzay Hekimli\u011fi Merkezi Ba\u015fkan\u0131 oldu. 1987 y\u0131l\u0131 aral\u0131k ay\u0131nda emekli oldu. \u00dclkemizin ilk hava hekimli\u011fi uzman\u0131 ve ilk uzay ve hava tababeti do\u00e7enti olup, yurti\u00e7i yay\u0131nlar\u0131ndan ba\u015fka AGARD, MAS ve UROMED toplant\u0131lar\u0131nda sundu\u011fu bildirileri de vard\u0131r.<\/p>\n","protected":false},"excerpt":{"rendered":"<p>Tbp.Alb. Yusuf Ziya Balkan 1899 y\u0131l\u0131nda K\u00f6pr\u00fcl\u00fc&#8217;de do\u011fdu, 1920 y\u0131l\u0131nda Askeri T\u0131bbiye Mektebinden mezun olduktan sonra iki y\u0131l \u0130stiklal Sava\u015f\u0131nda g\u00f6rev yapt\u0131. 1929-1931 y\u0131llar\u0131nda Fransa&#8217;da (Val de Grace ve Bourget&#8217;de) ve \u0130talya&#8217;da (Mussolini, Florance ve Torino Hava Enstit\u00fcs\u00fcnde) havac\u0131l\u0131k fizyolojisi \u00fczerine incelemeler yapt\u0131. \u0130lk T\u00fcrk u\u00e7u\u015f doktoru ve &#8220;havac\u0131l\u0131k m\u00fctehass\u0131s\u0131&#8221; olarak Eski\u015fehir I. Tayyare Alay\u0131nda, I. Hava T\u00fcmeni Hastanesinde, Kayseri, [&hellip;]<\/p>\n","protected":false},"author":1,"featured_media":0,"parent":0,"menu_order":0,"comment_status":"open","ping_status":"open","template":"","meta":{"_eb_attr":"","footnotes":""},"class_list":["post-46","page","type-page","status-publish","hentry"],"jetpack_sharing_enabled":true,"jetpack-related-posts":[],"_links":{"self":[{"href":"https:\/\/www.hvtd.org\/index.php?rest_route=\/wp\/v2\/pages\/46","targetHints":{"allow":["GET"]}}],"collection":[{"href":"https:\/\/www.hvtd.org\/index.php?rest_route=\/wp\/v2\/pages"}],"about":[{"href":"https:\/\/www.hvtd.org\/index.php?rest_route=\/wp\/v2\/types\/page"}],"author":[{"embeddable":true,"href":"https:\/\/www.hvtd.org\/index.php?rest_route=\/wp\/v2\/users\/1"}],"replies":[{"embeddable":true,"href":"https:\/\/www.hvtd.org\/index.php?rest_route=%2Fwp%2Fv2%2Fcomments&post=46"}],"version-history":[{"count":5,"href":"https:\/\/www.hvtd.org\/index.php?rest_route=\/wp\/v2\/pages\/46\/revisions"}],"predecessor-version":[{"id":103,"href":"https:\/\/www.hvtd.org\/index.php?rest_route=\/wp\/v2\/pages\/46\/revisions\/103"}],"wp:attachment":[{"href":"https:\/\/www.hvtd.org\/index.php?rest_route=%2Fwp%2Fv2%2Fmedia&parent=46"}],"curies":[{"name":"wp","href":"https:\/\/api.w.org\/{rel}","templated":true}]}}